 z?
2
Let u(f) = -f**2 + 7*f - 13. Let w be u(7). Let i(s) = s**2 + 14*s - 2. Let t be i(w). What is the tens digit of (-842)/t + (-8)/60?
5
Let l(h) = -5*h**2 + 2*h - 1. Suppose -3*d - 24 = 3*y, -2*y - 10 = -0*y. Let s be l(d). What is the tens digit of (s/12)/(3/(-18))?
2
Let c = -1419 + 3866. What is the thousands digit of c?
2
Let u(m) = 132*m**3 + 3*m**2 + 23*m - 66. What is the hundreds digit of u(3)?
5
Suppose 2 = i - 3. Let g(b) = -b**2 + b**3 + b**2 - 3*b + i*b**2 - 4 - 6*b**2. What is the units digit of g(3)?
5
Let l = 0 - -2. Let b be (5 - 1)/(22/77). Suppose -5*h + 5*n + 8 = -7, 2*n = -l*h + b. What is the units digit of h?
5
Suppose 4*n - 5679 = 5*u, -n - 2*u - 444 = -1880. What is the thousands digit of n?
1
Suppose -14*r + 5915 = -693. What is the tens digit of r?
7
Let d(y) = -4*y + 42. Let n be d(12). Let w(j) = -6*j + 24. What is the tens digit of w(n)?
6
Let c be 3/(-4)*(-76)/19. Suppose -c*g = -156 - 114. What is the tens digit of g?
9
What is the hundreds digit of (-2205)/(-12) + ((-65)/(-20) - 3)?
1
Let a = 68 + 136. Suppose v + a = 5*v. Let i = v - 29. What is the units digit of i?
2
Let s = -15 - -3. Let f be 3*s*2/(-9). What is the tens digit of 44 + (2 - (-3 + f))?
4
Let w(i) = 12*i**2 + 3*i + 4. Let a be w(3). Suppose x + 5*h = a + 92, 2*x - 486 = 2*h. What is the units digit of x?
8
Suppose -3*f + 3713 = v + 1061, -3*f = 5*v - 13260. Let z be 2/(-3) - v/(-9). What is the tens digit of (-40)/(-6)*z/28?
7
Suppose 32 = -18*r + 22*r. Let j(b) = b**3 - 5*b**2 - 18*b - 2. What is the units digit of j(r)?
6
Suppose -4*t = 118 + 14. Let i be (11/t)/(2/(-36)). Suppose -x - 150 = -i*x. What is the units digit of x?
0
Let i(x) = -5*x**2 - 5*x. Let f be i(5). What is the units digit of 446/12 - (f/(-36) + -4)?
7
Suppose -s = 3*s - 2172. Suppose s = 4*f + 15. What is the hundreds digit of f?
1
Let r = 132 + 398. What is the units digit of r?
0
Suppose -6*k + 8*k - 164 = 0. Let f = 206 - k. What is the hundreds digit of f?
1
What is the tens digit of 93*(-207)/54*-4?
2
Suppose 6*i + r - 2086 = 3*i, -5*r + 2774 = 4*i. What is the units digit of i?
6
Let j be 33/6 - 9/(-6). Suppose 0 = -j*l + 10*l - 3. Let f(d) = 18*d - 1. What is the tens digit of f(l)?
1
Let h = -1863 + 3803. What is the hundreds digit of h?
9
Let t(v) = 3*v. Let b be t(1). Let r be b*8/(-12) + 136. What is the units digit of r/10 + (-12)/(-20)?
4
Let p(t) be the second derivative of -2*t**3/3 + 7*t**2/2 + 2*t. Let s = -8 + 5. What is the units digit of p(s)?
9
Let v(y) = -88*y + 27. What is the thousands digit of v(-14)?
1
Let d(z) = z**3 + 3*z**2 - 17*z + 1. Let p be d(-7). Let u = 130 + p. What is the units digit of u?
4
What is the thousands digit of (-7 + 0)/((-38)/23978) - 1?
4
Suppose 4*g - 65 = -a - 2*a, 3*a + 15 = 0. Let i = 23 - g. Suppose 83 = 3*p + r, -i*r + 0*r = -15. What is the units digit of p?
6
Let a(c) = -c**3 + 14*c**2 - c + 30. What is the units digit of a(9)?
6
Let c(t) = -t**3 - 6*t**2 + 2*t - 1. Let o be c(-7). Suppose j - o = -170. Let r = j - -197. What is the tens digit of r?
6
Let x(l) = -l**2 - 12*l - 2. Let v be x(-8). Let i = v - -59. What is the tens digit of i?
8
Suppose 4 = 3*f - 11. Suppose -170 = -f*z - 0*z. What is the tens digit of z?
3
Let x be (45/(-15))/(3/(-5)). Suppose 0 = 4*y + 5*v - 236, 2*v - 218 = -x*y + 94. What is the units digit of y?
4
Suppose -1089 = o - 4*o. Let i = o - 211. What is the hundreds digit of i?
1
Suppose -6*z = -10*z, -s + 905 = -4*z. What is the hundreds digit of s?
9
Suppose -5*v + 751 + 994 = 0. Suppose 257 + v = 6*u. What is the units digit of u?
1
Let b(n) = -3*n + 41. Let l be b(12). Suppose -581 - 124 = -l*y. What is the hundreds digit of y?
1
Let d be (-4*3)/(38/57). Let p = d + 67. What is the tens digit of p?
4
Suppose 5*h - 13 = 2. Suppose -k = 3*p + 28, k - 11 = h*k - 3*p. Let a = 14 + k. What is the units digit of a?
1
Let o = -28 + 40. What is the tens digit of (2/14*-36)/(o/(-112))?
4
Let p = 18 + -12. Let z(n) = 8*n - 17. What is the tens digit of z(p)?
3
Suppose 0 = -2*j - 0 + 10. Suppose 0*d + j*d = 450. Suppose -3*o = -9, 3*o - d = -4*r + 5*o. What is the tens digit of r?
2
Let r = 1891 - -579. What is the tens digit of r?
7
Let j(c) = 2*c**2 - 9*c - 2. Suppose f + 2 = 4, a + 4*f - 16 = 0. Let w be j(a). Let s = -32 + w. What is the units digit of s?
2
Suppose -3885 = -5*k - 2*k. What is the units digit of k?
5
Let o(h) = 6*h - 12. Suppose 0 = 4*g + 5*s - 45, 4*s = g + 13 + 2. Let j be o(g). What is the units digit of (j/(-12))/((-6)/100)?
5
Let l be -12*((0 - (-1 + 3)) + 3). Let t(d) = -3*d - 3. What is the tens digit of t(l)?
3
Let z = 527 + 368. What is the hundreds digit of z?
8
Let c be 4/(-6) - 260/(-12). Suppose -n + c = -2*n. Let f = n + 45. What is the tens digit of f?
2
Let l = 3 + 7. Let t be l/60 + (-2338)/(-12). Suppose 10*d = 5*d + t. What is the units digit of d?
9
Let o be (36/(-14))/(-3 + (-44)/(-14)). What is the units digit of 6/o*7/((-21)/36)?
4
Suppose 2*m + 3*q + 23 = 0, 45 - 9 = -4*m + 4*q. Let w be (-4)/(-10) - 46/m. Suppose -5*t = -2*c - 206, 200 = w*t - 2*c - 3*c. What is the units digit of t?
2
Suppose -5*o + 10 + 10 = 0. Let d(j) = 6*j**2 - 2*j**2 - 3*j**2 - o. What is the units digit of d(4)?
2
Suppose 3*h - 9 = -0. What is the tens digit of 1/h + 250/6?
4
Let x = -311 + 328. Let h(c) be the first derivative of c**2 + 9*c - 1. What is the tens digit of h(x)?
4
Let r(s) be the third derivative of -s**6/120 + 7*s**5/30 - s**4/3 - s**3/2 - 15*s**2. What is the hundreds digit of r(5)?
1
What is the thousands digit of 1277/4*(81 - 77)?
1
Let f be 4/10 - (-58)/5. Suppose -2*o = -36 - f. Let h = o + -7. What is the units digit of h?
7
Let w(a) = -3*a - 25. Suppose -5*z - 81 = -5*p - 11, -2*z = -4*p + 30. What is the units digit of w(z)?
4
Let m(r) = -10 + 3 + 6 - 19*r. What is the units digit of m(-4)?
5
Let j(y) be the first derivative of -3*y**2/2 - 6*y + 1. Let b be (11 - 12) + (-1 - 3). What is the units digit of j(b)?
9
Let s(f) = f - 1. Let l(c) = -c**2 + 3*c - 2. Let k(b) = -2*l(b) + 5*s(b). What is the units digit of k(-5)?
4
Let x be (-1)/(7 + -4 - 4). Suppose -z - 2 + x = 3*b, -4*z - 5*b = 11. Let h(t) = 2*t**2 - 2*t + 8. What is the tens digit of h(z)?
4
Let t(g) = g - 3. Let x be t(-3). What is the units digit of ((-120)/(-3))/(-4 - x)?
0
Let n(m) = -3*m + 4 - 6*m + 8*m. What is the units digit of n(-18)?
2
Let h(t) = t**3 - 10*t**2 - 10*t - 6. Let y be h(11). Suppose 280 = 6*p - 3*p + 2*k, -2*p + 172 = y*k. What is the tens digit of p?
9
Let f(k) = k**3 + 14*k**2 - 14*k - 46. What is the hundreds digit of f(-13)?
3
Let q = -399 - -1178. What is the hundreds digit of q?
7
Suppose -4*z - 3*b + 957 + 852 = 0, 3*z - 2*b = 1361. What is the hundreds digit of z?
4
Suppose g = y - 9, 0*y - 3*g = 4*y - 8. Suppose -5*z = -0*z + y*p - 60, -8 = -4*z + 4*p. Suppose 12 = z*o - 72. What is the tens digit of o?
1
Let w(z) = 10*z**2 - 72*z + 14. What is the hundreds digit of w(-10)?
7
Let p(i) be the second derivative of 5*i**4/12 - 5*i**3/3 - 3*i**2/2 - 35*i. What is the units digit of p(5)?
2
Suppose 4*c = 3*t + 21, t - 4*t - 6 = c. Suppose -c*r + 53 = -241. What is the units digit of r?
8
Suppose q + 2*h = -2*h + 390, 9 = -3*h. Suppose 3*x = -4*y + q, -x = -5*y + 3*y + 196. Let l = -68 + y. What is the units digit of l?
1
Let h = -1282 + 1872. What is the hundreds digit of h?
5
Let d = -70 + 67. What is the units digit of d/(-4) - 1887/(-12)?
8
Let w(m) = -m + 22. Let n be w(15). Let l = -12 + n. What is the units digit of 258/9 - l/15?
9
Let z = 4599 + -1335. What is the hundreds digit of z?
2
Let s be (3/9)/(3/(-9) + 0). Let h = 87 + s. What is the tens digit of h?
8
Let z(c) = 16*c**2 + 3*c + 5. Let w be z(4). What is the units digit of (-2 + 0)/(0 - 6/w)?
1
Let q be (6/12)/((-1)/4). What is the hundreds digit of 2 - q - -2*(53 + -4)?
1
Let a = -2 - -6. Let g be (10/a)/((-1)/(-14)). Suppose 0 = -3*w + 3, 2*r = -r - 5*w + g. What is the units digit of r?
0
Suppose 4*r + 6 + 3 = 5*v, 0 = r + 5*v - 29. What is the units digit of r?
4
Let g be (-9)/6*(8 - 4). What is the units digit of (-356)/(-6)*(-9)/g?
9
Let n(i) be the third derivative of -i**4/24 - i**3/3 + 4*i**2. Let a be n(-7). Suppose 24 = -3*u + a*u. What is the units digit of u?
2
Suppose 0 = 